 8) to base 4
2
-60 (base 11) to base 12
-56
What is 17 (base 13) in base 14?
16
12 (base 4) to base 3
20
-3 (base 11) to base 9
-3
Convert 1 (base 15) to base 8.
1
-20 (base 3) to base 10
-6
304 (base 10) to base 9
367
What is -240 (base 8) in base 13?
-c4
What is 3 (base 7) in base 8?
3
-3 (base 12) to base 14
-3
Convert 15 (base 9) to base 13.
11
What is 65 (base 8) in base 2?
110101
Convert -3 (base 6) to base 13.
-3
Convert -9 (base 11) to base 3.
-100
f (base 16) to base 5
30
Convert e (base 15) to base 7.
20
What is -4 (base 15) in base 3?
-11
What is 3 (base 12) in base 15?
3
79 (base 13) to base 12
84
-3 (base 6) to base 9
-3
What is -1110 (base 2) in base 6?
-22
Convert 113 (base 4) to base 9.
25
-110 (base 4) to base 13
-17
-20 (base 4) to base 2
-1000
20 (base 3) to base 7
6
7a (base 14) to base 10
108
Convert -2 (base 10) to base 16.
-2
What is -22 (base 4) in base 6?
-14
-114 (base 8) to base 10
-76
What is 2 (base 14) in base 16?
2
Convert -47 (base 12) to base 9.
-61
What is -2 (base 14) in base 13?
-2
What is 33 (base 4) in base 6?
23
What is -10010 (base 2) in base 5?
-33
What is -11 (base 2) in base 4?
-3
Convert -1000 (base 2) to base 9.
-8
What is -3 (base 11) in base 4?
-3
Convert -135 (base 8) to base 11.
-85
Convert 3 (base 15) to base 16.
3
Convert -1 (base 2) to base 15.
-1
-194 (base 14) to base 7
-644
-2 (base 16) to base 13
-2
-18 (base 9) to base 5
-32
Convert -1 (base 3) to base 4.
-1
Convert 1100 (base 2) to base 16.
c
What is 2 (base 7) in base 14?
2
Convert -3 (base 9) to base 14.
-3
-2 (base 3) to base 15
-2
106 (base 9) to base 14
63
What is 110 (base 2) in base 12?
6
-5 (base 10) to base 16
-5
133 (base 5) to base 2
101011
Convert -30 (base 9) to base 13.
-21
11 (base 2) to base 12
3
-4a (base 12) to base 2
-111010
18 (base 9) to base 16
11
-1012 (base 3) to base 10
-32
4 (base 11) to base 14
4
-3 (base 7) to base 13
-3
What is -445 (base 8) in base 15?
-148
What is -202 (base 4) in base 15?
-24
What is 8 (base 15) in base 16?
8
What is 11011 (base 2) in base 11?
25
1 (base 10) to base 2
1
1002 (base 3) to base 12
25
-3 (base 16) to base 4
-3
Convert 10 (base 9) to base 16.
9
-13 (base 14) to base 5
-32
Convert 48 (base 16) to base 10.
72
Convert -81 (base 10) to base 4.
-1101
120 (base 3) to base 2
1111
What is -11 (base 10) in base 13?
-b
-1d (base 14) to base 3
-1000
3 (base 8) to base 16
3
What is -1000011 (base 2) in base 14?
-4b
Convert -4 (base 5) to base 6.
-4
What is 4 (base 14) in base 7?
4
Convert 119 (base 11) to base 2.
10001101
What is 56 (base 11) in base 8?
75
Convert 1110 (base 2) to base 8.
16
Convert 21 (base 8) to base 16.
11
Convert 23 (base 10) to base 16.
17
Convert -30 (base 8) to base 7.
-33
What is 10200 (base 3) in base 5?
344
0 (base 13) to base 16
0
What is 3 (base 10) in base 5?
3
What is 81 (base 11) in base 5?
324
What is 10 (base 16) in base 9?
17
What is 288 (base 9) in base 12?
182
Convert -83 (base 12) to base 14.
-71
Convert 2c (base 14) to base 4.
220
-10 (base 3) to base 5
-3
What is 12211 (base 3) in base 13?
c1
What is 153 (base 6) in base 11?
63
Convert -1 (base 5) to base 13.
-1
-29 (base 15) to base 10
-39
Convert 12 (base 13) to base 16.
f
What is -13 (base 7) in base 15?
-a
-2 (base 3) to base 11
-2
-11b (base 12) to base 13
-cb
Convert -1 (base 12) to base 6.
-1
11 (base 5) to base 4
12
Convert 200 (base 3) to base 2.
10010
Convert 135 (base 10) to base 4.
2013
-100 (base 2) to base 10
-4
What is 29 (base 10) in base 3?
1002
Convert 33 (base 13) to base 7.
60
What is -a (base 12) in base 14?
-a
What is -10010111 (base 2) in base 14?
-ab
What is 1a (base 12) in base 14?
18
-1 (base 9) to base 14
-1
What is 29 (base 16) in base 10?
41
What is -1 (base 4) in base 5?
-1
What is -23 (base 6) in base 11?
-14
What is 22 (base 4) in base 14?
a
What is -5 (base 7) in base 11?
-5
What is 1 (base 9) in base 11?
1
What is 401 (base 7) in base 2?
11000101
What is 10000 (base 2) in base 16?
10
Convert 47 (base 11) to base 7.
102
Convert -3 (base 8) to base 12.
-3
Convert -2 (base 3) to base 16.
-2
132 (base 4) to base 3
1010
13 (base 6) to base 12
9
Convert 68 (base 11) to base 5.
244
-11111001 (base 2) to base 13
-162
What is 7 (base 15) in base 10?
7
11 (base 10) to base 3
102
102100 (base 3) to base 6
1230
What is -3 (base 16) in base 14?
-3
Convert 1010 (base 3) to base 10.
30
Convert -447 (base 9) to base 16.
-16f
What is -6 (base 15) in base 8?
-6
What is -8 (base 15) in base 14?
-8
Convert 3 (base 13) to base 4.
3
What is -3 (base 16) in base 5?
-3
What is -53 (base 7) in base 11?
-35
What is 32 (base 10) in base 13?
26
Convert -259 (base 10) to base 6.
-1111
-12 (base 3) to base 8
-5
Convert 12 (base 13) to base 14.
11
-3 (base 6) to base 2
-11
9 (base 14) to base 3
100
Convert -9a (base 15) to base 5.
-1040
3 (base 10) to base 13
3
What is 4 (base 5) in base 14?
4
Convert 12 (base 3) to base 5.
10
Convert -3 (base 8) to base 13.
-3
-5 (base 7) to base 13
-5
-11 (base 2) to base 9
-3
Convert -240 (base 6) to base 13.
-75
Convert 11101 (base 2) to base 15.
1e
Convert -32 (base 6) to base 13.
-17
1000 (base 2) to base 3
22
Convert -86 (base 10) to base 4.
-1112
What is 1 (base 12) in base 15?
1
What is 5 (base 15) in base 4?
11
-32 (base 5) to base 8
-21
0 (base 7) to base 11
0
What is -4 (base 11) in base 5?
-4
-3 (base 12) to base 10
-3
0 (base 15) to base 5
0
What is 94 (base 10) in base 15?
64
330 (base 4) to base 8
74
What is -1 (base 12) in base 5?
-1
What is 242 (base 5) in base 6?
200
Convert 1 (base 6) to base 5.
1
Convert 34 (base 16) to base 10.
52
What is -9 (base 13) in base 8?
-11
-a (base 15) to base 13
-a
Convert 10 (base 11) to base 14.
b
210 (base 4) to base 8
44
1 (base 6) to base 5
1
What is 0 (base 4) in base 10?
0
2 (base 4) to base 11
2
What is 100 (base 11) in base 13?
94
4 (base 12) to base 6
4
Convert 28 (base 14) to base 11.
33
What is -105 (base 6) in base 12?
-35
Convert -6 (base 12) to base 8.
-6
13 (base 5) to base 14
8
Convert -14 (base 16) to base 9.
-22
Convert 41 (base 5) to base 4.
111
Convert -1 (base 12) to base 6.
-1
0 (base 16) to base 8
0
Convert 5 (base 9) to base 4.
11
What is -4 (base 10) in base 2?
-100
What is -1001 (base 3) in base 8?
-34
What is 11 (base 11) in base 3?
110
Convert 152 (base 6) to base 13.
53
Convert -5 (base 6) to base 8.
-5
What is -10 (base 5) in base 15?
-5
What is 2b (base 12) in base 5?
120
What is 143 (base 10) in base 9?
168
What is 429 (base 10) in base 7?
1152
What is -265 (base 8) in base 16?
-b5
Convert -40 (base 16) to base 12.
-54
Convert b2 (base 15) to base 13.
cb
-1110 (base 4) to base 5
-314
Convert -23 (base 10) to base 4.
-113
Convert -10 (base 4) to base 9.
-4
5 (base 6) to base 8
5
What is -10 (base 5) in base 11?
-5
What is -132 (base 4) in base 16?
-1e
What is 6 (base 9) in base 7?
6
Convert -22 (base 8) to base 9.
-20
Convert -1 (base 4) to base 8.
-1
-100 (base 5) to base 2
-11001
What is -3 (base 4) in base 12?
-3
-8a (base 16) to base 11
-116
22020 (base 3) to base 4
3132
Convert -e (base 16) to base 2.
-1110
-14 (base 11) to base 4
-33
-1110 (base 3) to base 15
-29
-7 (base 12) to base 16
-7
What is 53 (base 9) in base 2?
110000
Convert -10 (base 3) to base 13.
-3
Convert 3 (base 4) to base 11.
3
What is 4 (base 16) in base 14?
4
2001 (base 3) to base 4
313
What is 2 (base 16) in base 6?
2
-60 (base 13) to base 11
-71
62 (base 12) to base 15
4e
What is 3 (base 13) in base 8?
3
What is -141 (base 12) in base 14?
-db
What is 1103 (base 4) in base 9?
102
What is -36 (base 11) in base 6?
-103
1100 (base 4) to base 14
5a
What is -2 (base 4) in base 5?
-2
Convert -11 (base 16) to base 8.
-21
57 (base 11) to base 16
3e
What is 23 (base 11) in base 2?
11001
Convert 233 (base 4) to base 5.
142
What is 1 (base 9) in base 5?
1
Convert -10 (base 16) to base 11.
-15
76 (base 12) to base 15
60
What is 11110001 (base 2) in base 14?
133
4 (base 8) to base 15
4
Convert 3 (base 7) to base 3.
10
What is aa (base 13) in base 15?
95
What is -1 (base 14) in base 13?
-1
0 (base 13) to base 10
0
-10 (base 10) to base 15
-a
What is -23 (base 8) in base 11?
-18
-4 (base 16) to base 6
-4
What is -5 (base 10) in base 8?
-5
6 (base 11) to base 14
6
What is -3 (base 5) in base 12?
-3
10 (base 5) to bas